{"id":40,"date":"2020-03-04T14:45:22","date_gmt":"2020-03-04T13:45:22","guid":{"rendered":"http:\/\/gt-meta.fr\/?page_id=40"},"modified":"2020-03-04T14:45:42","modified_gmt":"2020-03-04T13:45:42","slug":"a-consulter","status":"publish","type":"page","link":"https:\/\/gt-meta.fr\/index.php\/a-consulter\/","title":{"rendered":"A consulter"},"content":{"rendered":"\n<p>Diff\u00e9rents documents \u00e0 t\u00e9l\u00e9charger: rapports d&#8217;activit\u00e9s, cours, pr\u00e9sentations diverses, &#8230;<\/p>\n","protected":false},"excerpt":{"rendered":"<p>Diff\u00e9rents documents \u00e0 t\u00e9l\u00e9charger: rapports d&#8217;activit\u00e9s, cours, pr\u00e9sentations diverses, &#8230;<\/p>\n","protected":false},"author":1,"featured_media":0,"parent":0,"menu_order":4,"comment_status":"closed","ping_status":"closed","template":"","meta":[],"_links":{"self":[{"href":"https:\/\/gt-meta.fr\/index.php\/wp-json\/wp\/v2\/pages\/40"}],"collection":[{"href":"https:\/\/gt-meta.fr\/index.php\/wp-json\/wp\/v2\/pages"}],"about":[{"href":"https:\/\/gt-meta.fr\/index.php\/wp-json\/wp\/v2\/types\/page"}],"author":[{"embeddable":true,"href":"https:\/\/gt-meta.fr\/index.php\/wp-json\/wp\/v2\/users\/1"}],"replies":[{"embeddable":true,"href":"https:\/\/gt-meta.fr\/index.php\/wp-json\/wp\/v2\/comments?post=40"}],"version-history":[{"count":1,"href":"https:\/\/gt-meta.fr\/index.php\/wp-json\/wp\/v2\/pages\/40\/revisions"}],"predecessor-version":[{"id":41,"href":"https:\/\/gt-meta.fr\/index.php\/wp-json\/wp\/v2\/pages\/40\/revisions\/41"}],"wp:attachment":[{"href":"https:\/\/gt-meta.fr\/index.php\/wp-json\/wp\/v2\/media?parent=40"}],"curies":[{"name":"wp","href":"https:\/\/api.w.org\/{rel}","templated":true}]}}